5. Give o(-49).
-1
Let q(f) = f**3 - 5*f**2 + 6*f - 5. Give q(5).
25
Let d(y) = -3*y**2 - 7*y - 14. Determine d(-6).
-80
Let x(h) = -h**2 + 8*h. Give x(7).
7
Let d(g) = 36*g - 123. What is d(3)?
-15
Let h(m) = 4*m**2 - 7. Give h(-3).
29
Let n(r) = -r**2 - 3*r + 33. Give n(-8).
-7
Let i(t) = t**3 - 9*t**2 - 10*t + 1. Calculate i(10).
1
Let h(c) = c**2 + 7*c - 14. Determine h(-7).
-14
Let a(w) = -39*w - 343. Determine a(-8).
-31
Let o(t) = -t**3 - 55. What is o(0)?
-55
Let w(v) = -3*v + 19. Calculate w(13).
-20
Let z(d) = -d**3 + 21. Calculate z(0).
21
Let k(j) = -j**3 + 8*j**2 + 7*j + 17. Determine k(9).
-1
Let k(a) = -3*a + 12. Calculate k(3).
3
Let k(w) = -2*w**3 + 2*w**2 + 2*w - 1. Calculate k(3).
-31
Let b(s) = s**2 + 5*s - 9. Calculate b(2).
5
Let b(f) = 3*f + 9. Calculate b(-5).
-6
Let l(b) = -4*b**2 + 2. Calculate l(-5).
-98
Let h(z) = -z - 11. Calculate h(-5).
-6
Let j(m) = 2*m**3 - 2*m**2 - 3*m + 4. What is j(2)?
6
Let r(g) = -3*g**2 + 47*g + 18. Determine r(16).
2
Let p(h) = -9*h + 35. What is p(4)?
-1
Let n(z) = -z**2 + 11*z + 1. What is n(9)?
19
Let l(p) = 4*p**2 + 3*p - 2. Calculate l(1).
5
Let v(h) = 13*h. Give v(4).
52
Let f(v) = v**3 + 9*v**2 + 4*v + 6. Calculate f(-7).
76
Let w(b) = 10*b - 111. Give w(8).
-31
Let x(y) = 10*y + 61. Determine x(-5).
11
Let n(b) = 5*b - 26. Determine n(11).
29
Let d(f) = -f**2 + 9*f + 25. Calculate d(0).
25
Let w(a) = 40*a**3 + a**2 - 1. Calculate w(1).
40
Let p(v) = -5*v + 138. Calculate p(47).
-97
Let l(h) = h**3 - 7*h**2 + 2*h + 6. Determine l(6).
-18
Let b(g) = -7*g + 92. Give b(15).
-13
Let k(d) = -25*d**3 - 2*d**2 - 7*d + 9. Calculate k(1).
-25
Let d(r) = -11*r - 48. What is d(-5)?
7
Let y(d) = d**3 + 12*d**2 - 31*d - 32. Calculate y(-14).
10
Let z(v) = v**3 + 35*v**2 + 37*v + 102. What is z(-34)?
0
Let g(s) = s**3 - 6*s**2 + 3*s - 15. Give g(6).
3
Let i(b) = b**3 + b + 1. Give i(0).
1
Let v(j) = j + 16. Determine v(-10).
6
Let x(s) = s**3 + 17*s**2 + 11*s - 5. Determine x(-16).
75
Let b(p) = -7*p + 2. Give b(1).
-5
Let i(d) = -d - 22. Calculate i(24).
-46
Let m(l) = -l**2 - 5*l + 3. Determine m(-3).
9
Let m(x) = 5*x + 247. Determine m(-50).
-3
Let d(r) = -r**3 - 19*r**2 + 65*r - 18. Give d(-22).
4
Let o(t) = 8*t**2 - 7*t - 8. Determine o(-1).
7
Let y(r) = -12*r + 74. What is y(6)?
2
Let s(b) = 9*b - 115. Give s(14).
11
Let c(x) = x**2 + 52*x - 105. Give c(2).
3
Let b(j) = -j**2 - 25*j - 45. What is b(-22)?
21
Let i(f) = -f**3 - f**2 - f + 2. Determine i(1).
-1
Let d(g) = g**2 + 15*g + 47. Determine d(-4).
3
Let n(j) = -16*j**2 - 4*j + 1. Give n(-3).
-131
Let t(x) = -x**3 + 4*x**2 - 3*x + 8. Determine t(2).
10
Let q(i) = -156*i - 140. Calculate q(-1).
16
Let z(c) = -c**2 + 9*c + 12. Give z(10).
2
Let m(g) = -8*g + 181. What is m(24)?
-11
Let g(o) = -o**2 - 22*o + 23. Determine g(-25).
-52
Let u(o) = o**2 - 22*o - 5. What is u(0)?
-5
Let v(i) = 14*i - 424. Calculate v(30).
-4
Let o(d) = d**2 + 5*d + 7. Calculate o(-7).
21
Let v(u) = -u**2 + u - 4. Determine v(3).
-10
Let d(z) = 11*z**2 - 2*z + 1. What is d(-2)?
49
Let i(n) = n**3 - 22*n**2 + 7*n - 61. What is i(22)?
93
Let r(p) = -14*p**3 - 16*p**2 + 1. Determine r(-1).
-1
Let i(u) = -31*u + 159. Determine i(5).
4
Let t(j) = -8*j - 34. What is t(-4)?
-2
Let n(z) = 6*z - 105. Determine n(17).
-3
Let z(o) = 2*o**2 - 4*o - 26. Give z(6).
22
Let c(v) = -44*v + 5. Calculate c(-1).
49
Let o(d) = -73*d - 1306. Determine o(-18).
8
Let j(p) = -7*p + 6. Determine j(4).
-22
Let f(n) = -6*n - 4. Calculate f(-8).
44
Let t(y) = y**2 - 14*y - 201. Calculate t(-9).
6
Let t(s) = -9*s + 10. Determine t(3).
-17
Let r(n) = -10*n + 2. Determine r(-2).
22
Let b(m) = -16*m - 126. Give b(-8).
2
Let d(g) = 6*g - 4. What is d(4)?
20
Let i(p) = -p**2 + 11*p - 15. Calculate i(8).
9
Let a(r) = 3*r**2 + r + 1. Give a(-2).
11
Let i(k) = -4*k**2 - 3*k - 1. Calculate i(-3).
-28
Let m(w) = w**3 - 8*w**2 + 11*w + 6. Determine m(6).
0
Let k(n) = -12*n - 70. Determine k(-4).
-22
Let g(f) = -6*f**3 - 5*f**2 - 4*f + 9. Give g(1).
-6
Let i(m) = 2*m**2 + 7*m - 61. Calculate i(4).
-1
Let a(l) = l**3 + 9*l**2 - 7*l + 34. Determine a(-10).
4
Let v(x) = x**3 + 14*x**2 - 38*x - 56. What is v(-16)?
40
Let f(w) = w**2 + 13*w + 16. Give f(-12).
4
Let x(s) = s**3 + s**2 - 67*s - 193. Give x(-3).
-10
Let j(y) = 2*y**3 - 5*y**2 + 4*y - 3. Determine j(3).
18
Let i(x) = -3*x - 66. What is i(-19)?
-9
Let i(r) = -r**2 + 18*r - 56. Give i(14).
0
Let v(g) = -g**3 - 6*g - 49. Determine v(-3).
-4
Let d(t) = -t**3 + 5*t**2 - 4*t + 21. What is d(5)?
1
Let r(l) = l**3 - 23*l**2 - 26*l + 53. Calculate r(24).
5
Let r(k) = 3*k + 9. Determine r(-13).
-30
Let c(w) = -5*w. What is c(-4)?
20
Let r(x) = x**3 - 22*x**2 + 34*x - 279. Determine r(21).
-6
Let s(i) = -18*i - 314. Give s(-17).
-8
Let n(x) = x**3 + 4*x**2 + 3*x - 4. What is n(-4)?
-16
Let x(v) = 2*v**3 + v**2 + 2*v - 3. Calculate x(2).
21
Let h(o) = -5*o - 33. Calculate h(-9).
12
Let b(k) = -k**3 - 7*k**2 + 6*k + 4. Determine b(-8).
20
Let a(s) = 18*s - 97. What is a(5)?
-7
Let z(f) = 23*f. Calculate z(-1).
-23
Let z(p) = 2*p**3 + 35*p**2 + 21*p + 19. Give z(-17).
-49
Let h(w) = -w**3 + 31*w**2 - 59*w - 66. Give h(29).
-95
Let f(c) = 20*c**2 + 4*c + 4. Calculate f(-1).
20
Let x(t) = 3*t**2 + 42*t - 4. What is x(-13)?
-43
Let v(w) = w**2 + 9*w - 4. What is v(-9)?
-4
Let h(x) = 2*x**3 - 2*x**2 + x + 5. Give h(2).
15
Let y(j) = -6*j**2 + 38*j - 18. Determine y(6).
-6
Let g(f) = -f**3 - 8*f**2 - 7*f + 3. Calculate g(-7).
3
Let f(g) = g**3 + 11*g**2 + 2*g + 6. What is f(-11)?
-16
Let b(o) = -o**3 - 9*o**2 + 4*o + 6. Determine b(-9).
-30
Let w(m) = m**3 + 6*m**2 - 5*m + 2. Calculate w(-7).
-12
Let m(k) = -3*k - 9. Calculate m(-4).
3
Let q(w) = -3*w**2 - 59*w - 51. Determine q(-19).
-13
Let b(p) = 2*p**2 + 9*p - 22. Determine b(-10).
88
Let l(n) = n**3 + 4*n**2 - 1. What is l(-3)?
8
Let f(j) = j**3 - 2*j**2 - 8*j + 10. Give f(5).
45
Let l(w) = 5*w**2 - 236*w + 47. Give l(47).
0
Let b(s) = s**2 - 8*s + 11. Calculate b(5).
-4
Let a(j) = -3*j + 19. Give a(0).
19
Let k(f) = 5*f + 63. Determine k(-11).
8
Let b(q) = -q**2 - 8*q - 8. Calculate b(-6).
4
Let s(a) = -29*a + 1. What is s(-1)?
30
Let m(h) = 2*h**2 + 6*h + 5. Determine m(-6).
41
Let j(i) = -i**3 - 7*i**2 + 8*i + 5. Determine j(-8).
5
Let u(n) = n**3 - n**2 - 22*n + 19. Give u(5).
9
Let n(w) = 2*w**2 + 11*w + 17. Give n(-8).
57
Let g(s) = -s**2 + 3*s + 112. Calculate g(-9).
4
Let u(t) = t**3 - 35*t**2 - 34*t - 73. What is u(36)?
-1
Let w(z) = 5*z - 27. Give w(7).
8
Let z(j) = 24*j**2 + 14*j + 13. Give z(-1).
23
Let g(d) = 2*d - 30. Determine g(13).
-4
Let a(h) = h**3 - 22*h**2 + 44*h + 15. Give a(20).
95
Let g(c) = -8*c + 14. Determine g(4).
-18
Let c(j) = j**3 + 3*j**2 - 30*j - 27. Calculate c(-7).
-13
Let w(p) = 15*p - 129. What is w(9)?
6
Let k(u) = u**3 - 2*u + 11. What is k(0)?
11
Let u(l) = l**3 - l**2 - 3*l - 3. What is u(-2)?
-9
Let p(c) = 8*c - 11. Give p(10).
69
Let q(u) = 2*u**3 - 33*u**2 + 50*u - 74. Give q(15).
1
Let s(w) = 2*w**3 + 69*w**2 - 35*w + 12. What is s(-35)?
12
Let l(o) = 12*o + 29. Determine l(-3).
-7
Let l(m) = 2*m**2 + m - 5. Calculate l(-4).
23
Let b(m) = -m**2 - 43*m + 145. Give b(-46).
7
Let h(b) = 30*b**2 + 4*b + 2. What is h(-1)?
28
Let q(j) = 2*j**2 + 18*j + 17. What is q(-2)?
-11
Let h(b) = b**3 - 11*b**2 + 39*b - 168. Determine h(9).
21
Let n(r) = r**3 + 16*r**2 - 13*r + 27. Determine n(-17).
-41
Let n(i) = -i**3 - 7*i**2 - 5*i. Determine n(-6).
-6
Let y(q) = q**2 + 6*q - 1. What is y(-7)?
6
Let r(s) = -3*s**2 + 12*s - 11. Calculate r(2).
1
Let f(s) = -s**2 + 14*s - 23. Calculate f(12).
1
Let a(z) = -2*z**3 - 10*z**2 - 5*z - 32. Calculate a(-5).
-7
Let x(d) = 6*d**2 + 25*d + 47. Determine x(-2).
21
Let k(a) = 7*a**2 - a + 3. What is k(3)?
63
Let g(u) = 49*u**2 - 1. Calculate g(-1).
48
Let n(k) = -2*k + 2. Calculate n(5).
-8
Let r(q) = -q**3 - q**2 - q - 1. Calculate r(-3).
20
Let i(y) = y**2 - 7*y + 16. Determine i(5).
6
Let g(c) = -2*c**2 - 11*c + 7. Give g(-5).
12
Let g(t) = -t**3 + 7*t**2 + 11*t - 13. Calculate g(7).
64
Let w(o) = -7*o - 26. What is w(-8)?
30
Let o(c) = 15*c**3 - 2*c - 2. Give o(-1).
-15
Let h(j) = -3*j**3 + 12*j**2 + 12*j - 5. Determine h(5).
-20
Let j(i) = -i**2 + 11*i + 12. Calculate j(12).
0
Let s(b) = 46*b + 46. Calculate s(-1).
0
Let a(f) = 